 + -6 + 69 + 4. What is the highest common divisor of y and h?
14
Suppose 0 = -c - 2*y + 142 - 52, -2*c = 2*y - 186. What is the highest common divisor of 64 and c?
32
Let p = 127 + -119. Let s = p - -48. Let h be (88/s - 4/7) + 2. What is the highest common divisor of 1 and h?
1
Suppose -2*r + 72 = -2*v, -4*r - 40 = 4*v - 136. Calculate the highest common factor of r and 555.
15
Let c(n) = 100*n - 19. Let b be c(-3). Let j = b + 182. Let z = 254 + j. What is the greatest common divisor of z and 13?
13
Suppose 2*w + 8 = -d, -5*w - 26 = d - 0*d. Let b be (-3 - (-828)/4)/((-9)/w). Calculate the greatest common factor of 17 and b.
17
Let q = 0 + 3. Suppose -4*w = -4*d - 0*d - 256, -4*d = -7*w + 463. Calculate the greatest common factor of q and w.
3
Let p be 1271/41 + 1/((-24)/(-28) + -1). Calculate the greatest common divisor of p and 4976.
8
Let q be 40781/26*6 - 19. Calculate the greatest common factor of q and 16.
16
Let a be (-40)/(-140) - (-220)/14. Suppose 1273 = -8*j + 1401. Calculate the highest common factor of j and a.
16
Let q = 45 - 23. Suppose 3*g - 66 = -4*n, -3*g - 4*n + 66 = -6*n. What is the greatest common divisor of q and g?
22
Suppose 2*h = -492*n + 494*n + 2256, 0 = -5*n. Calculate the highest common factor of h and 60.
12
Suppose 0 = -5*j - w + 2*w + 22, 4*j = -4*w + 8. Let s be 4/(-4)*4*j*-1. Suppose 21*q = s*q + 200. What is the greatest common factor of q and 5?
5
Suppose 3*a - 4*h - 108 = 0, 2*h + 15 = 7*h. Suppose -a*o + 44*o - 144 = 0. What is the greatest common divisor of o and 9?
9
Let w = 101 - 93. Suppose 5*s - 52 = w. Calculate the greatest common factor of s and 36.
12
Let g = -103 + 181. Let b(y) = -5*y**2 + 16*y + 1. Let j be b(3). Let d be (1 - -9 - 2)*13/j. Calculate the greatest common factor of g and d.
26
Let t be 5382/45 + (-3)/5. Let h = -2281 - -2315. Calculate the highest common divisor of t and h.
17
Let r(b) = -2*b + 16*b**2 + 4 - 5 + 18*b**2 - b. Let u be r(-1). Let c be (15/(-2))/((-27)/u). What is the highest common divisor of c and 10?
10
Let o be (-3)/(-8) - (3 + (-351)/24). Suppose 21*n + o*n = 16170. Calculate the greatest common divisor of 28 and n.
14
Suppose 3*s - 10*s - 6*s + 1599 = 0. Let r(t) = 10*t + 1. Let v be r(4). What is the greatest common divisor of v and s?
41
Suppose -m + 10*m = -54. Let b = 9 + m. Let q = -19 - -43. Calculate the highest common factor of b and q.
3
Let i = -9462 - -13705. Suppose 1747 = -13*p + i. What is the highest common factor of 12 and p?
12
Suppose 94766 = 4*z - 2*c, 2*z - 47432 = -25*c + 33*c. What is the highest common divisor of 216 and z?
72
Suppose -2*f - 74 = 2*b, -17 = f + 5*b + 28. Let j(u) = -16*u - 28. Let g be j(f). What is the greatest common factor of g and 28?
28
Let c(j) = 5*j + 90 + 4*j + 22*j**2 - 86. Let t be c(-3). What is the greatest common divisor of t and 7?
7
Let x = 406 - 238. What is the highest common factor of x and 84?
84
Suppose 16*u + 64*u - 517769 - 2641431 = 0. Calculate the highest common factor of u and 22.
22
Suppose 5*j = 5*a - 20, 2*j - 9 = -2*a + 7. Suppose -1603 + 7399 = a*o. Calculate the highest common divisor of 21 and o.
21
Let r(k) be the first derivative of k**3/3 + k**2 - 2*k - 23. Let u be r(-5). Let g = 16 - u. Calculate the highest common divisor of g and 2.
1
Let p = 44 - 39. Let r be 2/6*(-5)/p*-105. Let f = 79 - r. Calculate the highest common factor of 33 and f.
11
Suppose 1410*l + 46994 = 4*m + 1412*l, 0 = m - 4*l - 11780. What is the highest common divisor of 678 and m?
226
Let z be 853 + -3 + (2 - -8 - 5). What is the highest common factor of z and 45?
45
Suppose 93120 = 235*r + 153*r. Calculate the greatest common factor of 4380 and r.
60
Let b = -752 + 814. Suppose -v + b = 3*m, 4*m - 293 = -4*v + m. Calculate the highest common divisor of v and 55.
11
Let d(s) = -s**3 + 3*s**2 - 2. Let t be d(4). Let c be (-1654)/(-30) - t/(-135). Let b = -41 + c. Calculate the highest common divisor of b and 21.
7
Let w be (-309946)/(-524) + 1/(-2). What is the highest common factor of 18 and w?
3
Suppose 7*x - 675 = 10*x. Let b be -2*x/42 + (-2)/(-7). Suppose 192 = b*q + q. Calculate the highest common factor of q and 16.
16
Let h(i) = -23*i + 350. Let t be h(15). Calculate the highest common factor of t and 75.
5
Let w be (2 + -7)*(-2 - -1). Suppose -163 = -34*l + 109. Suppose 0 = w*s - l*s + 60. Calculate the highest common factor of s and 140.
20
Let z = 124 - 111. Suppose 2*m = -z + 25. Calculate the greatest common divisor of 15 and m.
3
Suppose 0 = 44*m + 499 - 5647. What is the highest common divisor of 3666 and m?
39
Let a be 27/(-63) + (-4)/28*-199. Let m be 3995/9 - -4 - (-2)/18. What is the highest common factor of a and m?
28
Suppose 0 = -4*v + 15 - 3. Suppose 0 = -6*i + i, 5*k - 90 = 3*i. Suppose k = 22*j - 13*j. What is the highest common divisor of v and j?
1
Let f be ((3 - 2)/1 - 782)*(-395 - -394). Calculate the greatest common factor of 22 and f.
11
Suppose 327*y - 8328 - 2314 - 33503 = 0. Calculate the highest common divisor of y and 33885.
135
Let n be ((24/30)/(-2))/(15/(-1125)). Calculate the greatest common divisor of 2770 and n.
10
Let h(m) = m**3 - 31*m**2 + 29*m + 38. Let o be h(30). What is the greatest common factor of 62 and o?
2
Let b = 11794 - -18109. What is the highest common divisor of 17 and b?
17
Suppose 17*o - 12*o - 40 = 0. Let x(b) = 3*b**2 - 23*b + 19. Let n be x(o). What is the greatest common factor of 54 and n?
27
Let c = 10999 + 11884. What is the greatest common factor of 147 and c?
49
Let n be (31225/49960)/(((-6)/16)/(-3)). Let j be (-2)/(-3) - 2/(-6). Calculate the highest common divisor of j and n.
1
Let t = 8051 + -8000. What is the greatest common factor of 11067 and t?
51
Let c = 35 - 33. Suppose 0 = 8*l + c - 18. Let n be (1/(8/12))/(l/44). Calculate the highest common divisor of 66 and n.
33
Let w(i) = i**2 + 27*i - 211. Let c be w(-35). Calculate the greatest common divisor of c and 2829.
69
Let r = -2699 - -3443. Let f(k) = k**3 - 5*k**2 - 2*k + 7. Let m be f(6). Calculate the greatest common divisor of m and r.
31
Let v(y) = -y**2 - 24*y - 106. Let x be v(-6). Suppose 0 = x*n, 4*j - 2*n - 238 + 2 = 0. Calculate the highest common divisor of 1 and j.
1
Let g(n) = 2*n**2 + 7*n + 13. Let d = 37 - 40. Let a be g(d). Let y be (a/(-15))/(2/(-180)). Calculate the highest common factor of 24 and y.
12
Let m = 36 - 12. Let q be (258/m)/((-218)/(-72) + -3). What is the highest common divisor of q and 43?
43
Let n be (1/(-12)*-12 - -7) + (-1 - -29). Let d be 3*(-3)/12*-136. What is the greatest common divisor of d and n?
6
Let g = 2013 - 1089. Suppose -g = -21*u + 14*u. What is the highest common factor of 36 and u?
12
Let g = -9906 + 15501. Calculate the greatest common divisor of g and 150.
15
Suppose 1517*o - 1216 = 1501*o. What is the greatest common factor of o and 304?
76
Let r = -693 - -438. Let w = -195 - r. Calculate the highest common factor of 200 and w.
20
Suppose -14520 = -31*j + 4378 - 143. What is the highest common divisor of 110 and j?
55
Let p be 48/80*4*70. Suppose -5*u = -3*k + 149, 5*k = u + 95 + p. Calculate the greatest common factor of k and 1.
1
Let l = -49 - -45. Let y(f) = -13*f**3 - 20*f**2 + 5*f - 4. Let j be y(l). What is the highest common factor of 61 and j?
61
Let a = -12672 - -12680. Calculate the greatest common factor of 248 and a.
8
Suppose -2*r = 3*h - 45, 27 - 32 = -5*h. Calculate the highest common divisor of r and 1617.
21
Suppose 0 = -5631*g + 5429*g + 6868. Let u(d) = -4*d**3 + 2*d**2 - 6. Let f be u(-5). What is the greatest common factor of f and g?
34
Suppose -24 = -4*r - 4*s, 0 = -2*r + 5*s + 2 - 4. Suppose 6 = 3*q + 3, 3*q = 5*b - 47. What is the highest common factor of r and b?
2
Suppose 5*u + 18 = 3*c - 0*c, 0 = -2*c - u - 1. Let w(n) = -2*n - 1. Let j be w(-2). Suppose j*z = -0 + 12. What is the highest common divisor of c and z?
1
Let p = 67 + 368. Let a(g) = -g**3 - 30*g**2 - 29*g + 29. Let u be a(-29). Calculate the highest common divisor of p and u.
29
Let z = -600 - -343. Let m = z + 279. What is the greatest common divisor of m and 11?
11
Let w = 139 + -113. Let k = w + -7. Let u = k + 1. What is the greatest common factor of 70 and u?
10
Suppose -5*b + 273 = n, 4*b = -3*n + 5*b + 851. Suppose n*u - 2